digit of (425/(-4))/(1/(-8)*2)?
2
Suppose 5*n - 4*z = -0*z - 5, 3*n + 3*z = 24. Suppose s = -n*s + 8. Suppose 48 + 2 = s*o. What is the units digit of o?
5
Suppose 29*o - 420 = 9*o. What is the units digit of (507/9)/(7/o)?
9
Let r(j) = j**3 + 5*j**2 + j - 9. Let b be r(-4). Suppose 4*v = 5*d + 445, -2*d = b*v - 0*v - 328. What is the units digit of v?
0
Suppose x = -0*x. Suppose -2*l + 18 = -x*l. Let k = -7 + l. What is the units digit of k?
2
Suppose -39*u - 12*u + 132651 = 0. What is the units digit of u?
1
What is the units digit of 129008/56 - (-16)/56?
4
Let c = -1956 - -2916. What is the tens digit of c?
6
Suppose 12*h = 6*h + 13374. What is the tens digit of h?
2
Let r = 20 + -23. Let l(c) = -19*c + 6. What is the units digit of l(r)?
3
Suppose v + 5 = -r + 4*r, 5*r + 4*v = 31. Suppose r*p + 0*p = 2*f - 18, -4*p - 9 = -f. What is the tens digit of (f/12)/((-4)/(-144))?
2
Let b = 7 - 9. What is the tens digit of 1*6*1/b + 136?
3
Suppose 153*f + 15252 = 156*f. What is the units digit of f?
4
Let v be (0 + 2)*5 - 2. Let w(j) = 10*j - 10. Let h be w(v). What is the units digit of 2010/h - (-4)/14?
9
Suppose 0 = -171*g + 170*g - 5*z + 1717, 3*g + z = 5165. What is the tens digit of g?
2
Let h(q) = q**2 + 8*q - 8. Let n be h(-10). Suppose 2*d - 3*d - 4*g - 21 = 0, -3*d + 5*g = n. What is the tens digit of (1 - d/(-3)) + 27?
2
Suppose -197 + 65 = -3*w. Suppose d + 499 = 5*p, -w + 341 = 3*p - 3*d. What is the units digit of p?
0
Let x(d) = -2*d - 7. Let n be (-1 + 0)/((-2)/(-12)). Let s be x(n). Suppose -j + z = -15, -3*j + s*z + 17 = -18. What is the units digit of j?
0
Suppose -2*u = -3*y, -2*u = -5*y - 0*u. Let d(a) = 2*a + 28. What is the units digit of d(y)?
8
Suppose 5*c + 13 - 3 = 0, -n + 4*c + 26 = 0. What is the units digit of (-6 + 1128/n)*(-6)/(-4)?
5
Suppose q - 5*i = -139, -4*i + 2*i = 3*q + 332. Let t be (-20)/15*q/4. Let o = 59 - t. What is the tens digit of o?
2
Let a = -150 + 95. Let k = a - -96. What is the units digit of k?
1
Let c(p) = -p**3 + 26*p**2 + 40*p - 94. What is the tens digit of c(23)?
1
Let t(u) = 2*u + 22. Let n be t(17). Let f = 22 + -58. Let k = n + f. What is the units digit of k?
0
Suppose 14804 = 4*p + 4*q, -5*p = 97*q - 98*q - 18505. What is the tens digit of p?
0
Suppose -9*n = -9257 - 23557. What is the hundreds digit of n?
6
Let i(a) = 2*a**2 - 12*a + 2. Let u be i(5). What is the units digit of (60/9 - 4)*(-282)/u?
4
What is the units digit of (747/(-5) - 2)/((-101)/505)?
7
Let c(w) = -w**2 + 7*w. Let q be c(7). Suppose 2*f + 65 = 3*f - v, 4*v = q. Suppose -7*m + 2*m = -f. What is the units digit of m?
3
Suppose 2*w + 21 = 2*h - w, 2*h + w = 1. Suppose -5*f + h*f = 0. Let d(v) = v**2 + v + 7. What is the units digit of d(f)?
7
Suppose 100*m + 1316 = t + 96*m, 3*t - 3932 = 4*m. What is the tens digit of t?
0
Let i = -317 + 899. What is the units digit of i?
2
Suppose -12*r - 46 = -2470. What is the units digit of r?
2
Suppose -4 = -4*u, 4*t - 3*u = u + 4476. What is the hundreds digit of t?
1
Let k(c) = 10*c + 9. Let s be 1/((-4)/(1*-16)). What is the units digit of k(s)?
9
Let i(w) = -2*w + 18. Let s be i(8). What is the tens digit of 520/32 - s/8?
1
Let r = 854 + -846. What is the units digit of r?
8
Let m(k) = 4*k + 11. Let l be m(-3). What is the hundreds digit of (1 - l) + (2 - -110)?
1
Suppose 4*d - 8*d = -12. Suppose -a = d*a - 8. Suppose -6*s + 32 = -a*s. What is the units digit of s?
8
Let s = -223 - -805. What is the units digit of s?
2
Suppose 2*j = -53*z + 54*z + 6659, 0 = 5*j - 5*z - 16635. What is the units digit of j?
2
Let j = 808 + -477. What is the units digit of j?
1
Let u(i) be the third derivative of -i**5/60 - i**4/3 - 2*i**3/3 - 10*i**2. Let p be u(-7). Suppose -p*y - 12 = -9*y. What is the units digit of y?
2
Let i(v) = 270*v + 269. What is the units digit of i(6)?
9
Let z = 15 + 1. Let p = 27 - z. Let q = 20 - p. What is the units digit of q?
9
Let v = 352 + 1935. What is the hundreds digit of v?
2
Let v = 1619 - 238. What is the hundreds digit of v?
3
Suppose x - 2*x = -4. Suppose -2*b = b + 9, -x*k - 2*b - 6 = 0. Suppose k*d - 2*d + 3*a + 13 = 0, 2*d = -5*a + 37. What is the tens digit of d?
1
Let o(t) = 2*t**3 - 7*t**2 - 7*t. Let b be o(9). Suppose b = 4*z + a, 6*z = 8*z - 5*a - 436. What is the tens digit of z?
0
Suppose 0*v - 12 = -2*s + 3*v, -4*s = 5*v + 20. Suppose c = 5*d - 3, 63 = 5*c - 7*d + 8*d. Suppose 4*f + c - 156 = s. What is the units digit of f?
6
Let i(s) = -7*s**3 - 2*s**2 - s. Let n be i(-1). Suppose 5*t + 2 = n*t. Suppose -t*z + 4*z = -5*u + 55, -5*z = 3*u - 14. What is the tens digit of u?
1
Suppose -2*w + 5*w = 48. Suppose 3*z = 2*k - 52 + w, 5*z - k + 53 = 0. Let a = -9 - z. What is the units digit of a?
1
Suppose 15*i = 13*i + 5*j + 1487, 0 = 4*i + 2*j - 2914. What is the tens digit of i?
3
Let c be (-2)/(-6)*2*(17 + -2). What is the hundreds digit of 2076/c + ((-324)/45)/12?
2
Let u = -1670 + 2990. What is the thousands digit of u?
1
Suppose 14 = f + 5*c - 5, -3*c = 5*f - 7. What is the tens digit of (3/6 + f)/((-2)/144)?
3
Let i(h) = -3*h**2 + 1. Let x be i(4). Suppose 94 = -2*l - 50. Let w = x - l. What is the tens digit of w?
2
Suppose 4*h - 1659 + 63 = 0. What is the hundreds digit of h?
3
Let f(j) = 2*j**3 + j**2 - 3*j - 4. Let c = 14 - 11. What is the tens digit of f(c)?
5
Let d(v) = 0*v**2 + 3*v**2 - 8*v**2 - 11*v - 11 + 6*v**2. What is the units digit of d(12)?
1
Let u be (1/(-4))/((-3)/(-12)). What is the units digit of ((-1)/u)/(4/220)?
5
Let u be (1 - 1/(-3))/(1/3). Let b = 30 + u. What is the units digit of b?
4
Suppose 4*m - 2*i = 0, -2*m = 2*i + 2*i. Suppose m = s - 40 + 8. Suppose 0 = 2*d + 2*d - s. What is the units digit of d?
8
Let v(z) = -4*z - 12. Let j(s) = 7*s + 24. Let a(p) = 3*j(p) + 5*v(p). Suppose 0 = -2*w - 2*w - 24. What is the units digit of a(w)?
6
Suppose 3*v = -5*w + 6*w - 816, -4*w = 4*v - 3216. What is the tens digit of w?
0
Suppose -2*b - 3*b + 75 = 0. What is the tens digit of (b - 13)*(-62)/8*-2?
3
Suppose -4*u - 2233 = -3*p, -5*u - 47 = -57. What is the units digit of p?
7
Let g = 1242 - 718. Let s = g - 249. Suppose 0 = 5*b - s - 35. What is the tens digit of b?
6
Let d be 2 + 0 + 0/(-2) - -2. What is the units digit of (1 + -3)/(2 - d)*59?
9
Suppose -16038 = -41*w + 19509. What is the hundreds digit of w?
8
Suppose -z + 8 = -37. Let a be ((-5)/3)/(3/z). Let k = 68 + a. What is the units digit of k?
3
Let f(o) = -31*o**3 - o**2 + 3*o - 2. What is the units digit of f(-4)?
4
Suppose 5*k - 21470 = -5*g, -4*g + 9945 = 5*k - 7226. What is the hundreds digit of g?
2
Let l(c) = -c**3 + 4*c**2 + c + 5. Suppose -6*g + 15*g + 27 = 0. What is the units digit of l(g)?
5
Suppose 14*g + 1065 = 19*g. What is the hundreds digit of g?
2
Suppose -4*x - 2*y = -0*y + 174, -3*x + 5*y = 137. Let h = -16 - x. What is the tens digit of h?
2
Suppose -43 = -9*v - 16. Suppose 300 = v*c - 189. What is the tens digit of c?
6
What is the units digit of 2/3 - (-1 - (-7514)/(-6))?
4
Let o = 1697 + 1250. What is the tens digit of o?
4
Let b be (-8)/(-28) - 4521/21. Let q = b - -308. What is the units digit of q?
3
Suppose -3*q = o - 9 + 3, -3*q + 2*o + 6 = 0. Suppose q*a - 125 = 3*n, 18 = -a + n + 78. What is the tens digit of a?
5
Suppose 4*o + t = -3*t + 1312, 0 = o - 2*t - 328. What is the hundreds digit of o?
3
Suppose -4*m = 4*z + 64, 0 = -z + 5*z - 4. Let s = m - -17. Suppose b + 4*q = -2*b + 71, 4*b + 4*q - 96 = s. What is the units digit of b?
5
Suppose -5*c = -2*a + 979, -c = -a - 2*c + 472. What is the units digit of a?
7
Let j be (2 + -1)*8/(-1). Let b be j/44 - 266/(-11). Suppose 2*a - 2*c = 3*c + b, -4*c = -8. What is the units digit of a?
7
Let i = -21 + 45. What is the units digit of ((-20)/(-8) + -2)/(2/i)?
6
Let k(x) = 4*x + 1. Let f be k(1). Suppose f*w - 118 = 322. What is the tens digit of w?
8
Let k(b) = -4*b - 9. Let o be (1 - 7/5) + 249/(-15). What is the tens digit of k(o)?
5
Suppose -n - 3*r = 251, 4*n = 2*n - r - 517. Let t = -145 - n. What is the tens digit of t?
1
Let t = -59 + 64. What is the units digit of t?
5
Let b = 60 + -36. Suppose -w + 97 = 5*f + b, -43 = -3*f - w. Suppose -4*v + 9*v - g = 12, 3*v + 2*g = f. What is the units digit of v?
3
Let q = -127 - 66. What is the hundreds digit of q/((1 - 5)/4)?
1
